{"id":953,"date":"2018-08-29T15:08:22","date_gmt":"2018-08-29T18:08:22","guid":{"rendered":"https:\/\/cmmoron-bue.infd.edu.ar\/sitio\/salidas-educativas\/"},"modified":"2025-06-18T09:10:51","modified_gmt":"2025-06-18T12:10:51","slug":"salidas-educativas","status":"publish","type":"page","link":"https:\/\/cmmoron-bue.infd.edu.ar\/sitio\/salidas-educativas\/","title":{"rendered":"SALIDAS EDUCATIVAS de REPRESENTACION INSTITUCIONAL"},"content":{"rendered":"\n<hr class=\"wp-block-separator has-alpha-channel-opacity\"\/>\n\n\n\n<pre class=\"wp-block-verse has-base-3-color has-text-color has-background\" style=\"background-color:#7c3429;font-style:normal;font-weight:500\">Leer atentamente el documento \"PLAZOS y DOCUMENTACIONES a presentar\". Es muy importante que la documentaci\u00f3n a presentar est\u00e9 firmada en tinta azul, sin enmiendas, tachaduras ni correcciones de ning\u00fan tipo. Los documentos editables NO DEBEN SUFRIR modificaci\u00f3n en su formato.\n* SALIDAS a CABA son consideradas <em><strong>fuera de la provincia<\/strong><\/em>, tener en cuenta los plazos.\n\nCORREO EXCLUSIVO PARA SALIDAS: salidasconservatorioginastera@gmail.com<\/pre>\n\n\n\n<div class=\"wp-block-group is-vertical is-layout-flex wp-container-2\">\n<ul>\n<li><a href=\"https:\/\/docs.google.com\/document\/d\/1KmwSSj4--YPKs0UyMeXifVLuz1JKpTw8\/edit?usp=sharing&amp;ouid=100017770370714827018&amp;rtpof=true&amp;sd=true\" target=\"_blank\" rel=\"noreferrer noopener\">Gu\u00eda Salidas Educativas y de Representaci\u00f3n Institucional 3871_2024 2025<\/a><\/li>\n<\/ul>\n\n\n\n<blockquote class=\"wp-block-quote\">\n<p class=\"has-text-color has-background has-medium-font-size\" style=\"color:#c7180cbf;background-color:#d08a5c\"><a href=\"https:\/\/drive.google.com\/drive\/folders\/1E8VTuJTp3VBM3xEx2qMh_-0cCk3QRQZm?usp=drive_link\" target=\"_blank\" rel=\"noreferrer noopener\">MODELOS de ANEXOS<\/a> <\/p>\n<\/blockquote>\n\n\n\n<div class=\"wp-block-group has-base-background-color has-background is-layout-constrained\"><div class=\"wp-block-group__inner-container\">\n<p class=\"has-text-color has-medium-font-size\" style=\"color:#bf2e5e\">EDITABLES &#x1f447;<\/p>\n\n\n\n<ul>\n<li><a href=\"https:\/\/docs.google.com\/document\/d\/1k11VE95s0hX1SMt49-lEj_edQ56xxSnK\/edit?usp=drive_link&amp;ouid=100017770370714827018&amp;rtpof=true&amp;sd=true\">ANEXO 3<\/a><\/li>\n\n\n\n<li><a href=\"https:\/\/docs.google.com\/document\/d\/19mxYeHvIZc6fUnvnG63oQJmEVsIIxhwF\/edit?usp=drive_link&amp;ouid=100017770370714827018&amp;rtpof=true&amp;sd=true\">ANEXO 4<\/a><\/li>\n\n\n\n<li><a href=\"https:\/\/docs.google.com\/document\/d\/1hZSq7kwJfVCjx97yPxGUTmDRu-uz_M__\/edit?usp=drive_link&amp;ouid=100017770370714827018&amp;rtpof=true&amp;sd=true\">ANEXO 5<\/a><\/li>\n\n\n\n<li><a href=\"https:\/\/docs.google.com\/document\/d\/1QjS6R5AxHFQ433QSvAWOKy9TtB-WME0N\/edit?usp=drive_link&amp;ouid=100017770370714827018&amp;rtpof=true&amp;sd=true\">ANEXO 6<\/a><\/li>\n\n\n\n<li><a href=\"https:\/\/docs.google.com\/document\/d\/1rtLUVloiBcOM8h9sbEkKvsNXysfXnGro\/edit?usp=drive_link&amp;ouid=100017770370714827018&amp;rtpof=true&amp;sd=true\">ANEXO 7<\/a><\/li>\n\n\n\n<li><a href=\"https:\/\/docs.google.com\/document\/d\/1ItACMcajfOcfmxcrRkcI05qk3eJ68lkD\/edit?usp=drive_link&amp;ouid=100017770370714827018&amp;rtpof=true&amp;sd=true\">ANEXO 8<\/a><\/li>\n\n\n\n<li><a href=\"https:\/\/docs.google.com\/document\/d\/1ErS2nPt40OP8AuvrlQCn0WFrVCftJ8YO\/edit?usp=sharing&amp;ouid=100017770370714827018&amp;rtpof=true&amp;sd=true\">DDJJ MAYORES<\/a><\/li>\n<\/ul>\n<\/div><\/div>\n\n\n\n<ul>\n<li><a rel=\"noreferrer noopener\" href=\"https:\/\/cmmoron-bue.infd.edu.ar\/sitio\/wp-content\/uploads\/2023\/03\/AUTORIZACION-USO-DE-IMAGENES.pdf\" target=\"_blank\">AUTORIZACI\u00d3N de uso de IM\u00c1GENES<\/a><\/li>\n<\/ul>\n\n\n\n<ul>\n<li><a rel=\"noreferrer noopener\" href=\"https:\/\/cmmoron-bue.infd.edu.ar\/sitio\/wp-content\/uploads\/2023\/03\/SOLICITUD-DE-INSTRUMENTOS-PANOL-ANEXO-2-1.pdf\" target=\"_blank\">USO EXTERNO DE INSTRUMENTOS MUSICALES (ANEXO 2)<\/a><\/li>\n<\/ul>\n<\/div>\n","protected":false},"excerpt":{"rendered":"<p>Leer atentamente el documento \u00abPLAZOS y DOCUMENTACIONES a presentar\u00bb. Es muy importante que la documentaci\u00f3n a presentar est\u00e9 firmada en tinta azul, sin enmiendas, tachaduras ni correcciones de ning\u00fan tipo. Los documentos editables NO DEBEN SUFRIR modificaci\u00f3n en su formato. * SALIDAS a CABA son consideradas fuera de la provincia, tener en cuenta los plazos. &#8230; <a title=\"SALIDAS EDUCATIVAS de REPRESENTACION INSTITUCIONAL\" class=\"read-more\" href=\"https:\/\/cmmoron-bue.infd.edu.ar\/sitio\/salidas-educativas\/\" aria-label=\"More on SALIDAS EDUCATIVAS de REPRESENTACION INSTITUCIONAL\">[+]<\/a><\/p>\n","protected":false},"author":672,"featured_media":0,"parent":0,"menu_order":0,"comment_status":"closed","ping_status":"closed","template":"","meta":[],"acf":[],"_links":{"self":[{"href":"https:\/\/cmmoron-bue.infd.edu.ar\/sitio\/wp-json\/wp\/v2\/pages\/953"}],"collection":[{"href":"https:\/\/cmmoron-bue.infd.edu.ar\/sitio\/wp-json\/wp\/v2\/pages"}],"about":[{"href":"https:\/\/cmmoron-bue.infd.edu.ar\/sitio\/wp-json\/wp\/v2\/types\/page"}],"author":[{"embeddable":true,"href":"https:\/\/cmmoron-bue.infd.edu.ar\/sitio\/wp-json\/wp\/v2\/users\/672"}],"replies":[{"embeddable":true,"href":"https:\/\/cmmoron-bue.infd.edu.ar\/sitio\/wp-json\/wp\/v2\/comments?post=953"}],"version-history":[{"count":24,"href":"https:\/\/cmmoron-bue.infd.edu.ar\/sitio\/wp-json\/wp\/v2\/pages\/953\/revisions"}],"predecessor-version":[{"id":2893,"href":"https:\/\/cmmoron-bue.infd.edu.ar\/sitio\/wp-json\/wp\/v2\/pages\/953\/revisions\/2893"}],"wp:attachment":[{"href":"https:\/\/cmmoron-bue.infd.edu.ar\/sitio\/wp-json\/wp\/v2\/media?parent=953"}],"curies":[{"name":"wp","href":"https:\/\/api.w.org\/{rel}","templated":true}]}}