{"id":927,"date":"2018-08-29T15:08:12","date_gmt":"2018-08-29T18:08:12","guid":{"rendered":"https:\/\/cmmoron-bue.infd.edu.ar\/sitio\/orquesta-de-tango\/"},"modified":"2022-06-21T11:33:04","modified_gmt":"2022-06-21T14:33:04","slug":"orquesta-de-tango","status":"publish","type":"page","link":"https:\/\/cmmoron-bue.infd.edu.ar\/sitio\/orquesta-de-tango\/","title":{"rendered":"Orquesta de Tango | \u00abLa de Tango\u00bb"},"content":{"rendered":"\n<figure class=\"wp-block-image size-large\"><img decoding=\"async\" loading=\"lazy\" width=\"1280\" height=\"364\" src=\"https:\/\/cmmoron-bue.infd.edu.ar\/sitio\/wp-content\/uploads\/2022\/06\/La-de-Tango.jpg\" alt=\"\" class=\"wp-image-1510\" srcset=\"https:\/\/cmmoron-bue.infd.edu.ar\/sitio\/wp-content\/uploads\/2022\/06\/La-de-Tango.jpg 1280w, https:\/\/cmmoron-bue.infd.edu.ar\/sitio\/wp-content\/uploads\/2022\/06\/La-de-Tango-1000x284.jpg 1000w, https:\/\/cmmoron-bue.infd.edu.ar\/sitio\/wp-content\/uploads\/2022\/06\/La-de-Tango-768x218.jpg 768w\" sizes=\"(max-width: 1280px) 100vw, 1280px\" \/><\/figure>\n\n\n\n<div class=\"wp-block-columns is-layout-flex wp-container-3\">\n<div class=\"wp-block-column is-layout-flow\">\n<figure class=\"wp-block-image size-large\"><img decoding=\"async\" loading=\"lazy\" width=\"1280\" height=\"719\" src=\"https:\/\/cmmoron-bue.infd.edu.ar\/sitio\/wp-content\/uploads\/2022\/06\/06-edited.jpg\" alt=\"\" class=\"wp-image-1507\" srcset=\"https:\/\/cmmoron-bue.infd.edu.ar\/sitio\/wp-content\/uploads\/2022\/06\/06-edited.jpg 1280w, https:\/\/cmmoron-bue.infd.edu.ar\/sitio\/wp-content\/uploads\/2022\/06\/06-edited-1000x562.jpg 1000w, https:\/\/cmmoron-bue.infd.edu.ar\/sitio\/wp-content\/uploads\/2022\/06\/06-edited-768x431.jpg 768w\" sizes=\"(max-width: 1280px) 100vw, 1280px\" \/><\/figure>\n<\/div>\n\n\n\n<div class=\"wp-block-column is-layout-flow\">\n<figure class=\"wp-block-image size-large\"><img decoding=\"async\" loading=\"lazy\" width=\"960\" height=\"541\" src=\"https:\/\/cmmoron-bue.infd.edu.ar\/sitio\/wp-content\/uploads\/2022\/06\/01-c-edited.jpg\" alt=\"\" class=\"wp-image-1508\" srcset=\"https:\/\/cmmoron-bue.infd.edu.ar\/sitio\/wp-content\/uploads\/2022\/06\/01-c-edited.jpg 960w, https:\/\/cmmoron-bue.infd.edu.ar\/sitio\/wp-content\/uploads\/2022\/06\/01-c-edited-768x433.jpg 768w\" sizes=\"(max-width: 960px) 100vw, 960px\" \/><\/figure>\n<\/div>\n<\/div>\n\n\n\n<p><strong>La de Tango<\/strong> | Director: Javier Gonz\u00e1lez<\/p>\n\n\n\n<p>La Orquesta de Tango del Conservatorio \u00abAlberto Ginastera\u00bb de Mor\u00f3n, dirigida por el compositor, arreglador y guitarrista Javier Gonz\u00e1lez comienza sus actividades hacia fines de 2007, con el objetivo de formar a los estudiantes de m\u00fasica en el conocimiento te\u00f3rico y pr\u00e1ctico de los aspectos estil\u00edsticos propios del tango instrumental y cantado.<\/p>\n\n\n\n<p>Surge como una c\u00e1tedra abierta a la comunidad y es esto lo que posibilit\u00f3 que se integrara a m\u00fasicos provenientes del Conservatorio Ginastera con otros de diversos or\u00edgenes, generando una fusi\u00f3n entre estudiantes de m\u00fasica acad\u00e9mica y popular que ha dado hasta el momento resultados musicales muy interesantes.<\/p>\n\n\n\n<p>Dentro su estructura funciona:<\/p>\n\n\n\n<p>1) La \u00abOrquesta Estable\u00bb (integrada por los m\u00fasicos m\u00e1s experimentados), 2) \u00abEl Ensamble\u00bb (integrado por los m\u00fasicos que cursan su primer a\u00f1o),<\/p>\n\n\n\n<p>3) \u00abEl Conjunto de Guitarras\u00bb (que interpreta tango para esa cl\u00e1sica formaci\u00f3n), y<\/p>\n\n\n\n<p>4) \u00abLos Cantantes\u00bb (que son acompa\u00f1ados por tanto por la Orquesta Estable como por el Conjunto de Guitarras).<\/p>\n\n\n\n<p>Desde su inicio hasta la actualidad, <strong>pasaron por esta materia, m\u00e1s de 500 (Quinientos) alumnos<\/strong>. Esta Orquesta ha sido bautizada por sus integrantes como<strong> \u201cLa de Tango\u201d<\/strong>, y ha realizado m\u00e1s de 60 conciertos en vivo entre los que se destacan:<\/p>\n\n\n\n<p><strong>Festival y Mundial de Tango BA <\/strong>(2017)<\/p>\n\n\n\n<p><strong>\u00b7Centro Cultural Viejo Mercado de Rio IV (C\u00f3rdoba),<\/strong> con el auspicio de la Universidad y la Secretar\u00eda de Cultura de la ciudad de Rio IV (2010).<\/p>\n\n\n\n<p><strong>\u00b7 Teatro IFT<\/strong> (2008).<\/p>\n\n\n\n<p><strong>.Academia Nacional del tango<\/strong> (2011-13-16)<\/p>\n\n\n\n<p><strong>.Auditorio de la Biblioteca del Congreso Nacional <\/strong>(2012)<\/p>\n\n\n\n<p><strong>. Auditorio de la Facultad de Ingenier\u00eda de la UBA<\/strong> (2011)<\/p>\n\n\n\n<p><strong>\u00b7 Festejos de 221 aniversario de Haedo<\/strong> (2008)<\/p>\n\n\n\n<p><strong>.Ciclo Verano de las Artes en Plaza de Mor\u00f3n<\/strong> (2017)<\/p>\n\n\n\n<p><strong>\u00b7Centro Cultural Marc\u00f3 del Pont<\/strong> (2009).<\/p>\n\n\n\n<p><strong>\u00b7Auditorio de Ramos Mej\u00eda<\/strong>, en el ciclo M\u00fasica Viva, con el auspicio de la Direcci\u00f3n de Cultura de la Municipalidad de la Matanza (2008-10-12-14). <strong>\u00b7Teatro de Mor\u00f3n<\/strong> (2008-12-14-15-16-17)<\/p>\n\n\n\n<p><strong>\u00b7Auditorio SADEM<\/strong> (Sindicato de M\u00fasicos) (2009\/10\/11\/12)<\/p>\n\n\n\n<p><strong>\u00b7Consejo Deliberante de Mor\u00f3n<\/strong> (2009-13)<\/p>\n\n\n\n<p><strong>\u00b7 Fundaci\u00f3n Vetrano<\/strong> (2008\/9\/10)<\/p>\n\n\n\n<p><strong>\u00b7Catedral de Mor\u00f3n<\/strong> (2009)<\/p>\n\n\n\n<p><strong>. Auditorio del Colegio de Agrimensores de Mor\u00f3n<\/strong> (2012\/13\/14\/15\/17)<\/p>\n\n\n\n<p><strong>. Auditorio del Club AFALP de Palomar<\/strong> (2013)<\/p>\n\n\n\n<p><strong>. Auditorio del Bco. Credicoop de Haedo<\/strong> (2013)<\/p>\n\n\n\n<p><strong>. Milonga \u201cLa Pr\u00e1ctica de la Cultura Tanguera de Haedo\u201d<\/strong> (2013-14)<\/p>\n\n\n\n<p><strong>.Auditorio AMIA<\/strong> (2018)<\/p>\n\n\n\n<p>A fines de 2011,<strong> \u201cLa de Tango\u201d edita su primer CD<\/strong>, con material grabado en 2009\/10 en estudio y tambi\u00e9n con material en vivo del concierto realizado en el Centro Cultural Viejo Mercado de la ciudad de Rio IV C\u00f3rdoba. En\u00a0 2013,<strong> edita su CD Volumen II<\/strong>, con material grabado en 2012\/13 en estudio <strong>y un DVD<\/strong> del concierto realizado en\u00a0 <strong>la<\/strong> <strong>Milonga de \u201cLa Pr\u00e1ctica de la Cultura Tanguera\u201d <\/strong>(de Haedo). En 2017, <strong>edita su DVD \u201c10 A\u00f1os\u2026\u201d, <\/strong>con grabaciones en vivo de los conciertos del a\u00f1o 2016 y 2017, con artistas invitadas como Patricia Barone y Anal\u00eda Rego. En 2019, edita su <strong>primer serie de DVD\u00b4s en estudio<\/strong>, grabado en los estudios Fort \u2013 Music en noviembre de 2018. En la pandemia de 2020\/21 realiza <strong>4 programas Online<\/strong> con producciones audiovisuales realizadas con grabaciones de audio y video a distancia en el marco de la cuarentena de aislamiento social. Comparte dos de esos programas con las Orquestas de Folclore de General las Heras y de Tango de caleta Olivia.<\/p>\n\n\n\n<p><a href=\"https:\/\/www.facebook.com\/Ladetango\/?notif_id=1655477566499824&amp;notif_t=page_user_activity&amp;ref=notif\"><strong>Facebook<\/strong> <\/a>| <a href=\"https:\/\/www.youtube.com\/user\/ladetango\">YouTube <\/a>| <a href=\"https:\/\/www.instagram.com\/accounts\/login\/?next=\/la_de_tango\/\">Instagram<\/a><\/p>\n\n\n\n<p><strong>Informes<\/strong><\/p>\n\n\n\n<p>&#x2709;&#xfe0f; jefaturaginastera@gmail.com<\/p>\n","protected":false},"excerpt":{"rendered":"<p>La de Tango | Director: Javier Gonz\u00e1lez La Orquesta de Tango del Conservatorio \u00abAlberto Ginastera\u00bb de Mor\u00f3n, dirigida por el compositor, arreglador y guitarrista Javier Gonz\u00e1lez comienza sus actividades hacia fines de 2007, con el objetivo de formar a los estudiantes de m\u00fasica en el conocimiento te\u00f3rico y pr\u00e1ctico de los aspectos estil\u00edsticos propios del &#8230; <a title=\"Orquesta de Tango | \u00abLa de Tango\u00bb\" class=\"read-more\" href=\"https:\/\/cmmoron-bue.infd.edu.ar\/sitio\/orquesta-de-tango\/\" aria-label=\"More on Orquesta de Tango | \u00abLa de Tango\u00bb\">[+]<\/a><\/p>\n","protected":false},"author":582,"featured_media":0,"parent":0,"menu_order":0,"comment_status":"closed","ping_status":"closed","template":"","meta":[],"acf":[],"_links":{"self":[{"href":"https:\/\/cmmoron-bue.infd.edu.ar\/sitio\/wp-json\/wp\/v2\/pages\/927"}],"collection":[{"href":"https:\/\/cmmoron-bue.infd.edu.ar\/sitio\/wp-json\/wp\/v2\/pages"}],"about":[{"href":"https:\/\/cmmoron-bue.infd.edu.ar\/sitio\/wp-json\/wp\/v2\/types\/page"}],"author":[{"embeddable":true,"href":"https:\/\/cmmoron-bue.infd.edu.ar\/sitio\/wp-json\/wp\/v2\/users\/582"}],"replies":[{"embeddable":true,"href":"https:\/\/cmmoron-bue.infd.edu.ar\/sitio\/wp-json\/wp\/v2\/comments?post=927"}],"version-history":[{"count":2,"href":"https:\/\/cmmoron-bue.infd.edu.ar\/sitio\/wp-json\/wp\/v2\/pages\/927\/revisions"}],"predecessor-version":[{"id":1512,"href":"https:\/\/cmmoron-bue.infd.edu.ar\/sitio\/wp-json\/wp\/v2\/pages\/927\/revisions\/1512"}],"wp:attachment":[{"href":"https:\/\/cmmoron-bue.infd.edu.ar\/sitio\/wp-json\/wp\/v2\/media?parent=927"}],"curies":[{"name":"wp","href":"https:\/\/api.w.org\/{rel}","templated":true}]}}