{"id":909,"date":"2018-08-29T15:08:06","date_gmt":"2018-08-29T18:08:06","guid":{"rendered":"https:\/\/cmmoron-bue.infd.edu.ar\/sitio\/consejo-academico\/"},"modified":"2019-09-21T09:41:33","modified_gmt":"2019-09-21T12:41:33","slug":"consejo-academico","status":"publish","type":"page","link":"https:\/\/cmmoron-bue.infd.edu.ar\/sitio\/consejo-academico\/","title":{"rendered":"Consejo Acad\u00e9mico"},"content":{"rendered":"<p><strong><span style=\"font-family: arial, helvetica, sans-serif; font-size: 10pt;\">Lista de representantes del Consejo Acad\u00e9mico Institucional del Claustro\u00a0Docente y no Docente, per\u00edodo 2019-2020<\/span><\/strong><\/p>\n<p><strong><span style=\"font-family: arial, helvetica, sans-serif; font-size: 10pt;\">Representantes docentes y no docentes TITULARES<\/span><\/strong><\/p>\n<p><span style=\"font-family: arial, helvetica, sans-serif; font-size: 10pt;\">Vartuli, Gabriel (FoBa adultos)<\/span><br \/>\n<span style=\"font-family: arial, helvetica, sans-serif; font-size: 10pt;\">Mendes, Karina (FoBa ni\u00f1os)<\/span><br \/>\n<span style=\"font-family: arial, helvetica, sans-serif; font-size: 10pt;\">Casad\u00f3,\u00a0Patricia (Educaci\u00f3n Musical)<\/span><br \/>\n<span style=\"font-family: arial, helvetica, sans-serif; font-size: 10pt;\">Melicchio, Luis (Musicolog\u00eda)<\/span><br \/>\n<span style=\"font-family: arial, helvetica, sans-serif; font-size: 10pt;\">Amado, Gabriel (Instrumento y Composici\u00f3n)<\/span><br \/>\n<span style=\"font-family: arial, helvetica, sans-serif; font-size: 10pt;\">V\u00e1zquez Paz, Oscar (Instrumento-Profesorado)<\/span><br \/>\n<span style=\"font-family: arial, helvetica, sans-serif; font-size: 10pt;\">Hidalgo, Mar\u00eda (Instrumento-Profesorado)<\/span><br \/>\n<span style=\"font-family: arial, helvetica, sans-serif; font-size: 10pt;\">Manauta, Jorgelina (Canto &#8211; Direcci\u00f3n Coral)<\/span><br \/>\n<span style=\"font-family: arial, helvetica, sans-serif; font-size: 10pt;\">Gamba, Julia (Instrumento FoBa &#8211; Canto)\u00a0<\/span><br \/>\n<span style=\"font-family: arial, helvetica, sans-serif; font-size: 10pt;\">Angona, Sergio (Instrumento &#8211; Preceptor\u00eda)<\/span><br \/>\n<span style=\"font-family: arial, helvetica, sans-serif; font-size: 10pt;\">Esp\u00edndola, Josefina (Auxiliares)<\/span><\/p>\n<p><span style=\"font-family: arial, helvetica, sans-serif; font-size: 10pt;\"> Su\u00e1rez, Romina (Equipo de Conducci\u00f3n)<\/span><\/p>\n<p><strong><span style=\"font-family: arial, helvetica, sans-serif; font-size: 10pt;\"><span style=\"font-size: 13.3333px;\">Representantes<\/span>\u00a0docentes y no docentes SUPLENTES<\/span><\/strong><\/p>\n<p><span style=\"font-family: arial, helvetica, sans-serif; font-size: 10pt;\">Rutenberg, Enrique (FoBa Adultos)<\/span><\/p>\n<p><span style=\"font-family: arial, helvetica, sans-serif; font-size: 10pt;\">Rodr\u00edguez Planes. Cecilia (FoBa Adultos)<\/span><\/p>\n<p><span style=\"font-family: arial, helvetica, sans-serif; font-size: 10pt;\">Fols, Gabriela (Foba Ni\u00f1os) <\/span><\/p>\n<p><span style=\"font-family: arial, helvetica, sans-serif; font-size: 10pt;\">Veltri, Ver\u00f3nica (Educaci\u00f3n Musical)<\/span><\/p>\n<p><span style=\"font-family: arial, helvetica, sans-serif; font-size: 10pt;\">Duarte N\u00fa\u00f1ez, Dar\u00edo (Musicolog\u00eda)<\/span><\/p>\n<p><span style=\"font-family: arial, helvetica, sans-serif; font-size: 10pt;\">Luchetti, Gabriel (Instrumento) <\/span><\/p>\n<p><span style=\"font-family: arial, helvetica, sans-serif; font-size: 10pt;\">Akel, Jos\u00e9 Luis (Instrumento Profesorado)<\/span><\/p>\n<p><span style=\"font-family: arial, helvetica, sans-serif; font-size: 10pt;\">Gamba, Mariano (Instrumento) <\/span><\/p>\n<p><span style=\"font-family: arial, helvetica, sans-serif; font-size: 10pt;\">Chazarreta, Ricardo (Instrumento FoBa)<\/span><\/p>\n<p><span style=\"font-family: arial, helvetica, sans-serif; font-size: 10pt;\">Stella Maris Fern\u00e1ndez\u00a0<\/span><\/p>\n<p>&nbsp;<\/p>\n<p><span style=\"font-family: arial, helvetica, sans-serif; font-size: 10pt;\">Representantes Alumnos\u00a0<\/span><span style=\"font-family: arial, helvetica, sans-serif; font-size: 10pt;\">TITULARES<\/span><\/p>\n<p><span style=\"font-family: arial, helvetica, sans-serif; font-size: 10pt;\">Luna, Juan (FoBa))<br \/>\n<\/span><span style=\"font-family: arial, helvetica, sans-serif; font-size: 10pt;\">Fern\u00e1ndez, Gabriel (Canto)<br \/>\n<\/span><span style=\"font-family: arial, helvetica, sans-serif; font-size: 10pt;\">Francese, Ariel (Canto)<br \/>\n<\/span><span style=\"font-family: arial, helvetica, sans-serif; font-size: 10pt;\">Amaro, Marcelo (Educaci\u00f3n Musical))<br \/>\n<\/span><span style=\"font-family: arial, helvetica, sans-serif; font-size: 10pt;\">Chambi, Agust\u00edn\u00a0 (Educaci\u00f3n Musical)<\/span><span style=\"font-family: arial, helvetica, sans-serif; font-size: 10pt;\"><br \/>\n<\/span><span style=\"font-family: arial, helvetica, sans-serif; font-size: 10pt;\">Vernieri, Juli\u00e1n (Direcci\u00f3n Coral)<br \/>\n<\/span><span style=\"font-family: arial, helvetica, sans-serif; font-size: 10pt;\">Luna, Laia (Instrumento)<br \/>\n<\/span><span style=\"font-family: arial, helvetica, sans-serif; font-size: 10pt;\">Carreras, Kevin (Instrumento)<br \/>\n<\/span><span style=\"font-family: arial, helvetica, sans-serif; font-size: 10pt;\">Garavaglia, Natalia (Composici\u00f3n)<br \/>\n<\/span><span style=\"font-family: arial, helvetica, sans-serif; font-size: 10pt;\">Ortiz, Tob\u00edas (Musicolog\u00eda)Fern\u00e1ndez, <\/span><\/p>\n<p><span style=\"font-family: arial, helvetica, sans-serif; font-size: 10pt;\">Marina (Centro de Estudiantes)<\/span><\/p>\n<p><span style=\"font-family: arial, helvetica, sans-serif; font-size: 10pt;\">Representantes Alumnos\u00a0SUPLENTES<\/span><\/p>\n<p><span style=\"font-family: arial, helvetica, sans-serif; font-size: 10pt;\">Albornoz, Karina (FoBa)<br \/>\n<\/span><span style=\"font-family: arial, helvetica, sans-serif; font-size: 10pt;\">Klainer, Luc\u00eda (Canto)<br \/>\n<\/span><span style=\"font-family: arial, helvetica, sans-serif; font-size: 10pt;\">Ramos, Sebasti\u00e1n (Centro de Estudiantes)<br \/>\n<\/span><span style=\"font-family: arial, helvetica, sans-serif; font-size: 10pt;\">Buyo, Leandro (Composici\u00f3n)<br \/>\n<\/span><\/p>\n","protected":false},"excerpt":{"rendered":"<p>Lista de representantes del Consejo Acad\u00e9mico Institucional del Claustro\u00a0Docente y no Docente, per\u00edodo 2019-2020 Representantes docentes y no docentes TITULARES Vartuli, Gabriel (FoBa adultos) Mendes, Karina (FoBa ni\u00f1os) Casad\u00f3,\u00a0Patricia (Educaci\u00f3n Musical) Melicchio, Luis (Musicolog\u00eda) Amado, Gabriel (Instrumento y Composici\u00f3n) V\u00e1zquez Paz, Oscar (Instrumento-Profesorado) Hidalgo, Mar\u00eda (Instrumento-Profesorado) Manauta, Jorgelina (Canto &#8211; Direcci\u00f3n Coral) Gamba, Julia (Instrumento &#8230; <a title=\"Consejo Acad\u00e9mico\" class=\"read-more\" href=\"https:\/\/cmmoron-bue.infd.edu.ar\/sitio\/consejo-academico\/\" aria-label=\"More on Consejo Acad\u00e9mico\">[+]<\/a><\/p>\n","protected":false},"author":582,"featured_media":0,"parent":0,"menu_order":0,"comment_status":"closed","ping_status":"closed","template":"","meta":[],"acf":[],"_links":{"self":[{"href":"https:\/\/cmmoron-bue.infd.edu.ar\/sitio\/wp-json\/wp\/v2\/pages\/909"}],"collection":[{"href":"https:\/\/cmmoron-bue.infd.edu.ar\/sitio\/wp-json\/wp\/v2\/pages"}],"about":[{"href":"https:\/\/cmmoron-bue.infd.edu.ar\/sitio\/wp-json\/wp\/v2\/types\/page"}],"author":[{"embeddable":true,"href":"https:\/\/cmmoron-bue.infd.edu.ar\/sitio\/wp-json\/wp\/v2\/users\/582"}],"replies":[{"embeddable":true,"href":"https:\/\/cmmoron-bue.infd.edu.ar\/sitio\/wp-json\/wp\/v2\/comments?post=909"}],"version-history":[{"count":4,"href":"https:\/\/cmmoron-bue.infd.edu.ar\/sitio\/wp-json\/wp\/v2\/pages\/909\/revisions"}],"predecessor-version":[{"id":2926,"href":"https:\/\/cmmoron-bue.infd.edu.ar\/sitio\/wp-json\/wp\/v2\/pages\/909\/revisions\/2926"}],"wp:attachment":[{"href":"https:\/\/cmmoron-bue.infd.edu.ar\/sitio\/wp-json\/wp\/v2\/media?parent=909"}],"curies":[{"name":"wp","href":"https:\/\/api.w.org\/{rel}","templated":true}]}}