{"id":2696,"date":"2024-11-30T15:43:19","date_gmt":"2024-11-30T18:43:19","guid":{"rendered":"https:\/\/cmmoron-bue.infd.edu.ar\/sitio\/?page_id=2696"},"modified":"2026-02-18T14:58:19","modified_gmt":"2026-02-18T17:58:19","slug":"inscripcion-ingresantes","status":"publish","type":"page","link":"https:\/\/cmmoron-bue.infd.edu.ar\/sitio\/inscripcion-ingresantes\/","title":{"rendered":"Inscripci\u00f3n Ingresantes"},"content":{"rendered":"\n<p class=\"has-text-align-center has-text-color has-large-font-size\" style=\"color:#ff7301\"><strong>CICLO LECTIVO 2026<\/strong><\/p>\n\n\n\n<hr class=\"wp-block-separator has-alpha-channel-opacity\"\/>\n\n\n\n<p>Como se anunci\u00f3 en las charlas de noviembre, la documentaci\u00f3n a presentar (se presenta en el mes de febrero) para completar con la inscripci\u00f3n debe ser la siguiente:<\/p>\n\n\n\n<ul>\n<li>Fotocopia de DNI, ambos lados (concurrir con el DNI original)<\/li>\n\n\n\n<li>FICHA PERSONAL completa (<a rel=\"noreferrer noopener\" href=\"https:\/\/cmmoron-bue.infd.edu.ar\/sitio\/wp-content\/uploads\/2026\/02\/FICHA-PERSONAL-menores-DE-18-ANOS-2023.pdf\" target=\"_blank\">Ficha menores de 18 a\u00f1os<\/a> &#8211; <a rel=\"noreferrer noopener\" href=\"https:\/\/cmmoron-bue.infd.edu.ar\/sitio\/wp-content\/uploads\/2026\/02\/FICHA-PERSONAL-MAYORES-DE-18-ANOS-2023.pdf\" target=\"_blank\">Ficha mayores de 18 a\u00f1os<\/a>)<\/li>\n\n\n\n<li>1 FOTO 4&#215;4 (en el dorso de la foto, colocar el nombre y apellido)<\/li>\n\n\n\n<li>Anal\u00edtico, t\u00edtulo o certificado de alumno regular.\n<ul>\n<li>FOBA EDUCACI\u00d3N: certificado de alumno regular donde conste que est\u00e1 cursando el \u00faltimo a\u00f1o de la secundaria, anal\u00edtico de los estudios secundarios completos y\/o t\u00edtulo.<\/li>\n\n\n\n<li>FOBA J\u00d3VENES y ADULTOS: constancia de alumno regular, anal\u00edtico de los estudios secundarios completos y\/o t\u00edtulo. Menores de 18 a\u00f1os, <a rel=\"noreferrer noopener\" href=\"https:\/\/drive.google.com\/file\/d\/1S_qinyNvuC-dHR7-fgVnGoMEOfJHQQzL\/view?usp=drive_link\" target=\"_blank\">planilla de autorizaci\u00f3n de imagen<\/a> y f<a href=\"https:\/\/drive.google.com\/file\/d\/1IpSlaaZvmc6yv62HQ0qOVHe8URPQc5tE\/view?usp=drive_link\" target=\"_blank\" rel=\"noreferrer noopener\">icha de autorizaci\u00f3n de retiro de menores<\/a>.<\/li>\n\n\n\n<li>CANTO: constancia de alumno regular, anal\u00edtico de los estudios secundarios completos y\/o t\u00edtulo. <\/li>\n\n\n\n<li>FOBA NI\u00d1OS y NI\u00d1AS: constancia de alumno regular, <a rel=\"noreferrer noopener\" href=\"https:\/\/drive.google.com\/file\/d\/1S_qinyNvuC-dHR7-fgVnGoMEOfJHQQzL\/view?usp=drive_link\" target=\"_blank\">planilla de autorizaci\u00f3n de imagen<\/a> y f<a rel=\"noreferrer noopener\" href=\"https:\/\/drive.google.com\/file\/d\/1IpSlaaZvmc6yv62HQ0qOVHe8URPQc5tE\/view?usp=drive_link\" target=\"_blank\">icha de autorizaci\u00f3n de retiro de menores<\/a>.<\/li>\n<\/ul>\n<\/li>\n\n\n\n<li>Toda la documentaci\u00f3n debe presentarse en un sobre A4, papel madera, con los datos personales (Nombre completo y DNI) e instrumento elegido detallados al frente del mismo.<\/li>\n<\/ul>\n\n\n\n<div class=\"wp-block-group is-layout-constrained\"><div class=\"wp-block-group__inner-container\">\n<p><strong>FECHAS de ENTREGA DE DOCUMENTACI\u00d3N<\/strong><\/p>\n\n\n\n<ul>\n<li>FOBA NI\u00d1OS y NI\u00d1AS | FOBA EDUCACI\u00d3N | 12 y 13 de febrero<\/li>\n\n\n\n<li>FOBA J\u00d3VENES y ADULTOS | FOBA CANTO E INSTRUMENTO 18, 20 y 23 de febrero<\/li>\n<\/ul>\n\n\n\n<ul>\n<li>Horarios\n<ul>\n<li>Turno ma\u00f1ana: 9 a 12<\/li>\n\n\n\n<li>Turno tarde: 13 a 16<\/li>\n\n\n\n<li>Turno vespertino: 17 a 20<\/li>\n<\/ul>\n<\/li>\n\n\n\n<li>Direcci\u00f3n: Garc\u00eda Silva 675<\/li>\n<\/ul>\n\n\n\n<ul>\n<li class=\"has-medium-font-size\"><strong><em> CHARLA INFORMATIVA OBLIGATORIA para FOBA Educaci\u00f3n &gt; Jueves 12 de febrero a las 10:00 hs<\/em><\/strong> &#8211; Sede central San Mart\u00edn 370 &#8211; Mor\u00f3n<\/li>\n<\/ul>\n\n\n\n<p><strong>Todas las planillas tambi\u00e9n se encuentran disponibles para retirar en el kiosco en frente de la EP N\u00b04, Rep\u00fablica Oriental del Uruguay 452.<\/strong><\/p>\n\n\n\n<p>Ante cualquier duda o consulta comunicarse v\u00eda mail con <strong><em>jefaturaginastera@gmail.com<\/em><\/strong><\/p>\n<\/div><\/div>\n\n\n<div class=\"wp-block-image\">\n<figure class=\"aligncenter size-full is-resized\"><img decoding=\"async\" loading=\"lazy\" src=\"https:\/\/cmmoron-bue.infd.edu.ar\/sitio\/wp-content\/uploads\/2023\/03\/LOGO-coop.png\" alt=\"\" class=\"wp-image-1832\" width=\"188\" height=\"187\" srcset=\"https:\/\/cmmoron-bue.infd.edu.ar\/sitio\/wp-content\/uploads\/2023\/03\/LOGO-coop.png 1047w, https:\/\/cmmoron-bue.infd.edu.ar\/sitio\/wp-content\/uploads\/2023\/03\/LOGO-coop-1000x992.png 1000w, https:\/\/cmmoron-bue.infd.edu.ar\/sitio\/wp-content\/uploads\/2023\/03\/LOGO-coop-500x500.png 500w, https:\/\/cmmoron-bue.infd.edu.ar\/sitio\/wp-content\/uploads\/2023\/03\/LOGO-coop-768x762.png 768w\" sizes=\"(max-width: 188px) 100vw, 188px\" \/><\/figure><\/div>\n\n\n<p>Al momento de presentar la documentaci\u00f3n, son bienvenidos a colaborar haci\u00e9ndose socios de nuestra Asociaci\u00f3n Cooperadora. La cuota social actualmente se encuentra en $6.000 mensuales o $60.000 anuales hasta la pr\u00f3xima Asamblea Anual del A\u00f1o 2026.<\/p>\n","protected":false},"excerpt":{"rendered":"<p>CICLO LECTIVO 2026 Como se anunci\u00f3 en las charlas de noviembre, la documentaci\u00f3n a presentar (se presenta en el mes de febrero) para completar con la inscripci\u00f3n debe ser la siguiente: FECHAS de ENTREGA DE DOCUMENTACI\u00d3N Todas las planillas tambi\u00e9n se encuentran disponibles para retirar en el kiosco en frente de la EP N\u00b04, Rep\u00fablica &#8230; <a title=\"Inscripci\u00f3n Ingresantes\" class=\"read-more\" href=\"https:\/\/cmmoron-bue.infd.edu.ar\/sitio\/inscripcion-ingresantes\/\" aria-label=\"More on Inscripci\u00f3n Ingresantes\">[+]<\/a><\/p>\n","protected":false},"author":672,"featured_media":0,"parent":0,"menu_order":0,"comment_status":"closed","ping_status":"closed","template":"","meta":[],"acf":[],"_links":{"self":[{"href":"https:\/\/cmmoron-bue.infd.edu.ar\/sitio\/wp-json\/wp\/v2\/pages\/2696"}],"collection":[{"href":"https:\/\/cmmoron-bue.infd.edu.ar\/sitio\/wp-json\/wp\/v2\/pages"}],"about":[{"href":"https:\/\/cmmoron-bue.infd.edu.ar\/sitio\/wp-json\/wp\/v2\/types\/page"}],"author":[{"embeddable":true,"href":"https:\/\/cmmoron-bue.infd.edu.ar\/sitio\/wp-json\/wp\/v2\/users\/672"}],"replies":[{"embeddable":true,"href":"https:\/\/cmmoron-bue.infd.edu.ar\/sitio\/wp-json\/wp\/v2\/comments?post=2696"}],"version-history":[{"count":22,"href":"https:\/\/cmmoron-bue.infd.edu.ar\/sitio\/wp-json\/wp\/v2\/pages\/2696\/revisions"}],"predecessor-version":[{"id":3186,"href":"https:\/\/cmmoron-bue.infd.edu.ar\/sitio\/wp-json\/wp\/v2\/pages\/2696\/revisions\/3186"}],"wp:attachment":[{"href":"https:\/\/cmmoron-bue.infd.edu.ar\/sitio\/wp-json\/wp\/v2\/media?parent=2696"}],"curies":[{"name":"wp","href":"https:\/\/api.w.org\/{rel}","templated":true}]}}